e prime factors of d?
163
Suppose 5*l + 5*k - 26360 = 0, 2*l + 0*k = 4*k + 10508. List the prime factors of l.
2, 2633
Suppose 0 = -11*t + 12 - 1. Let x(m) = 2*m**3 - m**2 + 1. Let i be x(t). Suppose 3*a = -3*n + 351, 4*n + 6 = -i. List the prime factors of a.
7, 17
Suppose -4*a - 13 - 15 = 0. Let b(l) = -14*l**2 + 5*l + 6. Let x(q) = -14*q**2 + 6*q + 7. Let w(h) = a*b(h) + 6*x(h). What are the prime factors of w(-2)?
2, 3
What are the prime factors of (-175569)/(-6) - 5*(-70)/100?
3, 5, 1951
Suppose 78*j + 220773 = 1626879. List the prime factors of j.
3, 2003
Let t(l) = l + 9. Let r be t(-7). Suppose -5*y - 5*a + r*a - 60 = 0, -4*a = -y + 11. Let w = 13 - y. What are the prime factors of w?
2, 11
Let q be (-5 + 9)*11/(-2). What are the prime factors of 28*(1/2 + (-11)/q)?
2, 7
List the prime factors of (-28)/98 + (-1)/((-42)/(-766302)*-1).
5, 41, 89
Let z = 8465 + -5453. What are the prime factors of z?
2, 3, 251
Let i = 2133 + -1406. List the prime factors of i.
727
Let v(q) = -9*q + 32. Let k(h) = 100*h - 356. Let j(o) = 6*k(o) + 68*v(o). List the prime factors of j(-20).
2, 5, 7
Suppose -406954 = 40*g - 181*g + 427625. List the prime factors of g.
3, 1973
What are the prime factors of (51/17 - 0) + 12222?
3, 5, 163
Let i(n) be the second derivative of n**4/6 - 4*n**3/3 + 13*n**2/2 + 5*n. Let a be (-1 + 0)/((-12)/9 + 1). What are the prime factors of i(a)?
7
Let y(h) = -9*h - 159. Let a be y(-24). What are the prime factors of (a/(-38))/((-9)/9330)?
5, 311
Let r(h) = h**2 + 7*h + 8. Let i be r(-5). What are the prime factors of (-3563)/i*8/14?
2, 509
Suppose -3*g = -j - 28, 3*g - 2*g - 5*j = 0. Suppose -15*h = -g*h - 3*o - 744, -h + 2*o = -153. What are the prime factors of h?
3, 7
Let r be (6 + -5 - -44) + -1. Let j = 90 - r. Suppose -3*x - 3*m = -j - 500, -x - 2*m + 183 = 0. What are the prime factors of x?
181
Suppose -42989 = -5*x + 26*a - 27*a, 0 = -5*x + 4*a + 42969. List the prime factors of x.
8597
Let q = 708 - 1424. Let t = q + 1010. What are the prime factors of t?
2, 3, 7
Let o be (-6)/15 + (-14)/(-10). Let c(q) = 3*q**2 - 2*q**2 + 11*q**2 - o. What are the prime factors of c(-1)?
11
Let w = 373 + -360. Suppose 6*p = -w*p + 10716. List the prime factors of p.
2, 3, 47
Suppose 17*t = 16*t + 2. Suppose t*n + 2*f = 178, -427 = -5*n + f + 24. What are the prime factors of n?
2, 3, 5
Let h(y) = 304*y - 2393. What are the prime factors of h(38)?
3, 43, 71
Let u = -99 - -104. Suppose -u = -3*v + 4. Suppose -v*d + 234 = -d. List the prime factors of d.
3, 13
Suppose 0 = -6*h + 32 - 14. Let w be 9 - h/(3/1). What are the prime factors of (((-5)/(-2))/1)/(w/112)?
5, 7
Let n(v) = -6*v**2 - 21*v + 2. Let k be n(-2). Suppose -m + 252 + 1417 = 2*r, k = -4*r. What are the prime factors of m?
23, 73
Let r be (-13949)/(-3) + 824/(-309). Suppose 299 = -4*y + r. What are the prime factors of y?
1087
Let d(s) = -s**2 - 4*s + 6. Suppose 0 = 21*g - 24*g - 15. Let q be d(g). What are the prime factors of q/2 - 3240/(-16)?
7, 29
Suppose -3*r + 505 = -13*m + 8*m, 0 = -5*r + 5*m + 855. Suppose 19020 = -r*z + 185*z. List the prime factors of z.
2, 3, 317
Let i = 11881 + -5695. List the prime factors of i.
2, 3, 1031
Let w(c) be the third derivative of c**6/120 - c**5/6 + c**4/24 - c**3 + 3*c**2. Let x be w(10). Suppose -x*u = -15*u + 847. What are the prime factors of u?
7, 11
Let o = 7610 - 4988. What are the prime factors of (-6)/(-9) + (o/9 - 2)?
2, 5, 29
Suppose -8*x + 12893 - 1077 = 0. Let j = x + -761. What are the prime factors of j?
2, 179
Suppose 3*f + 2*u = 39145, 3*f - 39149 = -66*u + 68*u. List the prime factors of f.
13049
Let u be (-110)/(-14) - 5/(-35). Suppose r - 251 = -2*s, 3 = u*s - 7*s. Suppose -3*k - r = -4*k. List the prime factors of k.
5, 7
Let d(l) = 5954*l**2 + 115*l + 232. What are the prime factors of d(-2)?
2, 11909
Let k = -111 + 113. Suppose -2*f - k = 0, -w + 14*f = 10*f - 152. What are the prime factors of w?
2, 37
Let n(o) = -4*o + 4. Let l be n(0). Suppose -6 = -l*p + 2. Suppose 4*s + t - 456 = 0, 0 = s - p*s + 5*t + 135. What are the prime factors of s?
5, 23
Let s = 11208 + -6473. Suppose -4*c - o = -6318, -3*c - 12*o + s = -13*o. List the prime factors of c.
1579
What are the prime factors of -1 + (-10)/8 + ((-27720200)/(-160))/85?
2, 509
Let t be (-16)/(-1)*12/6. Suppose -t*c = -6*c - 7410. List the prime factors of c.
3, 5, 19
Suppose -9514424 = -346*v - 906982. List the prime factors of v.
24877
Let n(y) = 3*y**2 - 2*y + 8. Let z be ((-28)/21)/((-4)/(-18)). What are the prime factors of n(z)?
2
Suppose 74 = 2*p + 20. Suppose -l - i = -1027, p*l = 28*l - 2*i - 1036. What are the prime factors of l?
2, 5, 103
Suppose 3*l = 4*s - 3821, 0 = -0*l + 4*l + 2*s + 5058. List the prime factors of (-4 - (-56)/12) + l/(-3).
3, 47
Let w = 3635 + -3630. Let x = -844 + 1675. Suppose -w*h = -8*h + x. What are the prime factors of h?
277
List the prime factors of 8610/(-70)*(-2015)/15.
13, 31, 41
Let z be (-2 - -8)/(14/(-4) + 2). Let w be 3/z + (468/16)/(-9). List the prime factors of (w - -7)/(36/160)*12.
2, 5
Suppose -16 = z + 32. Let g = z + 53. Let o(h) = -h**3 + 4*h**2 + 11*h - 7. List the prime factors of o(g).
23
Let s = -4543 + 5759. What are the prime factors of s?
2, 19
Let l(z) = z**3 - 15*z**2 + 26*z + 8. Let r be l(13). Let f be (-23)/4 - -6 - (-14)/r. What are the prime factors of f/((-4)/(-466)) - (1 - 5)?
3, 79
Let a = -190 - 1124. Let l = 2036 + a. What are the prime factors of l?
2, 19
List the prime factors of (24*-10)/(-15*(-4)/(-9000)).
2, 3, 5
Suppose -5*l - l = -180042. Suppose -r - 36*r = -l. What are the prime factors of r?
811
Suppose -3*z - 21786 = -2*j, -28 = 4*z - 4. List the prime factors of j.
2, 3, 907
Suppose -374816 = -121*s + 83653. What are the prime factors of s?
3, 421
Suppose 8*d = -157 - 899. Let f(s) = -6*s - 9. Let j be f(7). Let h = j - d. List the prime factors of h.
3
Suppose 18440 - 87958 = -2*l + 3*v, -2*l + 69498 = 2*v. What are the prime factors of l?
23, 1511
Let c(x) = 751*x - 116. What are the prime factors of c(6)?
2, 5, 439
Let q be 2/17 + (-2736)/(-153). Suppose -9*f - 18 = -q*f. Suppose -2*x - 390 = -4*p, f*x - 3*x - 1 = 0. What are the prime factors of p?
97
Let t be (-3)/(-6)*(12 - 2)/5. Let g be (t + -1)*(2 + -3) - -2. List the prime factors of g + (-2 - -2 - 0 - 0).
2
Suppose -15 = -3*l + 15. Suppose -b = -3*b + l. Suppose c + b*j - 15 = 0, -c = -2*j + 1 - 2. What are the prime factors of c?
5
Let o be 1 - (2 - 4) - -9393. Suppose o = -y + 10*y. What are the prime factors of y/10 + 39/15 + -3?
2, 13
What are the prime factors of ((-2)/3 - 2/6)/(982/(-26296978))?
61, 439
Let x(v) = -2*v**3 - 31*v**2 - 29*v + 115. List the prime factors of x(-16).
5, 167
Suppose 16*j - 4*g - 553 = 15*j, 1097 = 2*j + g. Suppose 4*n - 4*b + 12 = 0, 0*b + 12 = -2*n + 4*b. Suppose n = 2*k - j + 95. What are the prime factors of k?
227
Suppose -5*i + 35435 = -8*n + 13*n, 9*n - 63803 = i. What are the prime factors of n?
3, 17, 139
Let o be ((-7948)/(-6))/2 + 34/(-102). Let q = -393 + o. What are the prime factors of q?
269
Suppose 11*i - 6*i = 545. Let y = i - 58. Suppose -5*m + 4*s = -408, -5*m = 2*s - 345 - y. List the prime factors of m.
2, 5
Suppose -z + 5532 = 5*j - 4*z, 5*z + 4436 = 4*j. Suppose 0 = 3*o - g - j, -o + 5*g - 1820 = -6*o. List the prime factors of o.
367
Let b = 584 + 2763. What are the prime factors of b?
3347
List the prime factors of 30057/(-2)*48/(-54)*(-1 + 4).
2, 43, 233
Suppose 0 = -2*b + 524*k - 522*k + 146934, 2*k = -8*b + 587716. List the prime factors of b.
5, 7, 2099
Let t be 8 + (1 - 5/((-25)/(-15))). Suppose -2*f = 3*w - 986, -t*w + f + 983 = -3*w. What are the prime factors of w?
2, 41
Let r = -5003 - -10135. List the prime factors of r.
2, 1283
What are the prime factors of -1 + (-25818)/(-13) + -14?
3, 73
Let y(d) = -8*d**2 + 7*d - 13. Let r be y(2). Let n(i) = -11*i + 122. What are the prime factors of n(r)?
463
Suppose 14 = 2*s - 2*p, 18*s - 15*s + 4*p = 0. List the prime factors of (-33748)/(-130) - (s/(-10) + 1).
7, 37
Let f(s) = -s**2 - 9*s - 3. Let o be f(-3). Suppose 23*r = 18*r + o. Suppose -3*b - 3*i - 79 = -5*b, -3*b - r*i + 111 = 0. List the prime factors of b.
2, 19
Suppose y + 4*b - 1662 = 0, -4*b - 2782 - 482 = -2*y. List the prime factors 